{"id":36,"date":"2024-01-30T15:36:14","date_gmt":"2024-01-30T15:36:14","guid":{"rendered":"https:\/\/bechaprastudio.com\/?page_id=36"},"modified":"2024-02-06T22:54:09","modified_gmt":"2024-02-06T22:54:09","slug":"formulario-diseno-animacion","status":"publish","type":"page","link":"https:\/\/bechaprastudio.com\/index.php\/formulario-diseno-animacion\/","title":{"rendered":"Formulario Dise\u00f1o &#038; Animaci\u00f3n"},"content":{"rendered":"\t\t<div data-elementor-type=\"wp-page\" data-elementor-id=\"36\" class=\"elementor elementor-36\" data-elementor-post-type=\"page\">\n\t\t\t\t<div class=\"elementor-element elementor-element-dd2ac58 e-flex e-con-boxed wpr-particle-no wpr-jarallax-no wpr-parallax-no wpr-sticky-section-no wpr-equal-height-no e-con e-parent\" data-id=\"dd2ac58\" data-element_type=\"container\" data-e-type=\"container\">\n\t\t\t\t\t<div class=\"e-con-inner\">\n\t\t\t\t<div class=\"elementor-element elementor-element-17a008e elementor-widget elementor-widget-html\" data-id=\"17a008e\" data-element_type=\"widget\" data-e-type=\"widget\" data-widget_type=\"html.default\">\n\t\t\t\t<div class=\"elementor-widget-container\">\n\t\t\t\t\t<!DOCTYPE html>\r\n<html lang=\"en\">\r\n    <link href=\"https:\/\/cdn.jsdelivr.net\/npm\/bootstrap@5.3.2\/dist\/css\/bootstrap.min.css\" rel=\"stylesheet\" integrity=\"sha384-T3c6CoIi6uLrA9TneNEoa7RxnatzjcDSCmG1MXxSR1GAsXEV\/Dwwykc2MPK8M2HN\" crossorigin=\"anonymous\">\r\n    <script src=\"https:\/\/cdn.jsdelivr.net\/npm\/bootstrap@5.3.2\/dist\/js\/bootstrap.bundle.min.js\" integrity=\"sha384-C6RzsynM9kWDrMNeT87bh95OGNyZPhcTNXj1NW7RuBCsyN\/o0jlpcV8Qyq46cDfL\" crossorigin=\"anonymous\"><\/script>\r\n    <head>\r\n    <meta charset=\"UTF-8\">\r\n    <meta name=\"viewport\" content=\"width=device-width, initial-scale=1.0\">\r\n    <title>Brief dise\u00f1o y animaci\u00f3n<\/title>\r\n<\/head>\r\n<body>\r\n    <style>\r\n        .bg-success {\r\n            --bs-bg-opacity: 1;\r\n            background-color: rgb(219, 229, 241) !important;\r\n          }\r\n        form {\r\n          \/*centra el formulario *\/\r\n          margin: 0 auto;\r\n          width: 700px;\r\n          \/* limites del formu*\/\r\n          padding: 1em;\r\n                    \r\n        }\r\n        div + div {\r\n          margin-top: 1em;\r\n        }\r\n        label {\r\n          \/* alinea las propiedades *\/\r\n          display:contents;\r\n          width: 200px;\r\n          text-align:end;\r\n        }\r\n        input,\r\n        textarea {\r\n          \/* alinea las etiquetas  *\/\r\n          font:small-caption;\r\n          \/* tama\u00f1o a etiquitas textarea *\/\r\n          width: 300px;\r\n          -moz-box-sizing: border-box;\r\n          box-sizing: border-box;\r\n          border: 1px solid #dbe9f8;\r\n          border-radius: 5px;\r\n        }\r\n        input:focus,\r\n        textarea:focus {\r\n          \/* To give a little highlight on active elements *\/\r\n          border-color: rgb(49, 48, 48)131;\r\n          \r\n        }\r\n        textarea {\r\n          \/* alinea las multiples propiedades de texto con sus etiquetas*\/\r\n          vertical-align: top;\r\n          \/* da espacio a un tipo de texto *\/\r\n          height: 8em;\r\n         \r\n          resize: vertical;\r\n        \r\n         \r\n        }\r\n       \r\n        img{\r\n            margin: 40px;\r\n            width: 200px;\r\n            height: 60px;\r\n        }\r\n        \r\n        \r\n        body {\r\n                font-family: \"Montserrat\", Sans-serif !important;\r\n                background-color: #ecf3f9;\r\n                background-position: center;\r\n                background-repeat: no-repeat;\r\n            }\r\n            <\/style>\r\n        \r\n        <div class=\"shadow-lg p-3 mb-5 bg-body-tertiary rounded\">\r\n                <form action=\"\/my-handling-form-page\" method=\"post\" >\r\n                    \r\n                    \r\n                   \r\n                    \r\n                    \r\n                    <h2> Dise\u00f1o y Animaci\u00f3n <\/h2>\r\n                    <br>\r\n                    <div class=\"shadow-sm p-3 mb-5 bg-body-tertiary rounded\" > \r\n                   <h3>Informaci\u00f3n de contacto y empresa <\/h3>\r\n                    \r\n                   \r\n                   <div class=\"input-group mb-3\">\r\n                    <span class=\"input-group-text\" id=\"inputGroup-sizing-default\">Email<\/span>\r\n                    <input type=\"text\" class=\"form-control\" aria-label=\"Sizing example input\" aria-describedby=\"inputGroup-sizing-default\" placeholder=\"ejemplo@bechapra.com\">\r\n                  <\/div>\r\n                    <div class=\"input-group mb-3\">\r\n                        <button class=\"btn btn-outline-secondary dropdown-toggle\" type=\"button\" data-bs-toggle=\"dropdown\" aria-expanded=\"true\">M\u00e9xico (+52)<\/button>\r\n                        <ul class=\"dropdown-menu\">\r\n           \r\n                          <li><a class=\"dropdown-item\" href=\"#\" value=\"+52\">M\u00e9xico (+52)<\/a><\/li>\r\n                          <li><a class=\"dropdown-item\" href=\"#\"value=\"+54\">Argentina (+54)<\/a><\/li>\r\n                          <li><a class=\"dropdown-item\" href=\"#\" value=\"+56\">Chile (+56)<\/a><\/li>\r\n                          <li><hr class=\"dropdown-divider\"><\/li>\r\n                      \r\n                        <\/ul>\r\n                        <input type=\"text\" class=\"form-control\" aria-label=\"Text input with dropdown button\" placeholder=\"Tel\u00e9fono \">\r\n                      <\/div>\r\n                      <div class=\"input-group mb-3\">\r\n                        <span class=\"input-group-text\" id=\"inputGroup-sizing-default\">Nombre<\/span>\r\n                        <input type=\"text\" class=\"form-control\" aria-label=\"Sizing example input\" aria-describedby=\"inputGroup-sizing-default\" placeholder=\"Nombre de la empresa\">\r\n                      <\/div>\r\n                      <div class=\"input-group mb-3\">\r\n                        <span class=\"input-group-text\" id=\"inputGroup-sizing-default\">P\u00e1gina web <\/span>\r\n                        <input type=\"text\" class=\"form-control\" aria-label=\"Sizing example input\" aria-describedby=\"inputGroup-sizing-default\" placeholder=\"ejemplo: bechapra.com\">\r\n                      <\/div>\r\n                    \r\n                    <select class=\"form-select form-select-sm\" aria-label=\"Small select example\">\r\n                        <option selected>\u00bfCuenta con manual de Marca?<\/option>\r\n                        <option value=\"1\">Si<\/option>\r\n                        <option value=\"2\">No<\/option>\r\n                      <\/select>\r\n                      <br>\r\n                      <div class=\"input-group mb-3\">\r\n                        <span class=\"input-group-text\" id=\"inputGroup-sizing-default\">Redes sociales<\/span>\r\n                        <input type=\"text\" class=\"form-control\" aria-label=\"Sizing example input\" aria-describedby=\"inputGroup-sizing-default\" placeholder=\"enlace: www.facebook.com\" >\r\n                      <\/div>\r\n                      \r\n                      <br>\r\n                      \r\n                      <a href=\"DyA_-page2.html\">\r\n                      <button type=\"button\" class=\"btn btn-dark\" aria-pressed=\"center\">siguiente<\/button><\/a>\r\n                    \r\n                  <\/form class=\"bg-primary p-2 text-white bg-opacity-0\">\r\n                <\/div>\r\n                  <\/div>\r\n<\/body>\r\n<\/html>\t\t\t\t<\/div>\n\t\t\t\t<\/div>\n\t\t\t\t\t<\/div>\n\t\t\t\t<\/div>\n\t\t\t\t<\/div>\n\t\t","protected":false},"excerpt":{"rendered":"<p>Brief dise\u00f1o y animaci\u00f3n Dise\u00f1o y Animaci\u00f3n Informaci\u00f3n de contacto y empresa Email M\u00e9xico (+52) M\u00e9xico (+52) Argentina (+54) Chile (+56) Nombre P\u00e1gina web \u00bfCuenta con manual de Marca?SiNo Redes sociales siguiente<\/p>\n","protected":false},"author":2,"featured_media":0,"parent":0,"menu_order":0,"comment_status":"closed","ping_status":"closed","template":"","meta":{"footnotes":""},"class_list":["post-36","page","type-page","status-publish","hentry"],"_links":{"self":[{"href":"https:\/\/bechaprastudio.com\/index.php\/wp-json\/wp\/v2\/pages\/36"}],"collection":[{"href":"https:\/\/bechaprastudio.com\/index.php\/wp-json\/wp\/v2\/pages"}],"about":[{"href":"https:\/\/bechaprastudio.com\/index.php\/wp-json\/wp\/v2\/types\/page"}],"author":[{"embeddable":true,"href":"https:\/\/bechaprastudio.com\/index.php\/wp-json\/wp\/v2\/users\/2"}],"replies":[{"embeddable":true,"href":"https:\/\/bechaprastudio.com\/index.php\/wp-json\/wp\/v2\/comments?post=36"}],"version-history":[{"count":37,"href":"https:\/\/bechaprastudio.com\/index.php\/wp-json\/wp\/v2\/pages\/36\/revisions"}],"predecessor-version":[{"id":143,"href":"https:\/\/bechaprastudio.com\/index.php\/wp-json\/wp\/v2\/pages\/36\/revisions\/143"}],"wp:attachment":[{"href":"https:\/\/bechaprastudio.com\/index.php\/wp-json\/wp\/v2\/media?parent=36"}],"curies":[{"name":"wp","href":"https:\/\/api.w.org\/{rel}","templated":true}]}}