{"id":108,"date":"2024-01-30T17:44:31","date_gmt":"2024-01-30T17:44:31","guid":{"rendered":"https:\/\/bechaprastudio.com\/?page_id=108"},"modified":"2024-02-06T22:58:52","modified_gmt":"2024-02-06T22:58:52","slug":"imagen-personal","status":"publish","type":"page","link":"https:\/\/bechaprastudio.com\/index.php\/imagen-personal\/","title":{"rendered":"Imagen Personal"},"content":{"rendered":"\t\t<div data-elementor-type=\"wp-page\" data-elementor-id=\"108\" class=\"elementor elementor-108\" data-elementor-post-type=\"page\">\n\t\t\t\t<div class=\"elementor-element elementor-element-a1d73f6 e-flex e-con-boxed wpr-particle-no wpr-jarallax-no wpr-parallax-no wpr-sticky-section-no wpr-equal-height-no e-con e-parent\" data-id=\"a1d73f6\" data-element_type=\"container\" data-e-type=\"container\">\n\t\t\t\t\t<div class=\"e-con-inner\">\n\t\t\t\t<div class=\"elementor-element elementor-element-4ed3607 elementor-widget elementor-widget-image\" data-id=\"4ed3607\" data-element_type=\"widget\" data-e-type=\"widget\" data-widget_type=\"image.default\">\n\t\t\t\t<div class=\"elementor-widget-container\">\n\t\t\t\t\t\t\t\t\t\t\t\t\t\t\t<img fetchpriority=\"high\" decoding=\"async\" width=\"1024\" height=\"286\" src=\"https:\/\/bechaprastudio.com\/wp-content\/uploads\/2024\/01\/Logo_Bechapra.png\" class=\"attachment-large size-large wp-image-47\" alt=\"\" \/>\t\t\t\t\t\t\t\t\t\t\t\t\t\t\t<\/div>\n\t\t\t\t<\/div>\n\t\t\t\t\t<\/div>\n\t\t\t\t<\/div>\n\t\t<div class=\"elementor-element elementor-element-0662747 e-flex e-con-boxed wpr-particle-no wpr-jarallax-no wpr-parallax-no wpr-sticky-section-no wpr-equal-height-no e-con e-parent\" data-id=\"0662747\" data-element_type=\"container\" data-e-type=\"container\">\n\t\t\t\t\t<div class=\"e-con-inner\">\n\t\t\t\t<div class=\"elementor-element elementor-element-bbe06ce elementor-widget elementor-widget-html\" data-id=\"bbe06ce\" data-element_type=\"widget\" data-e-type=\"widget\" data-widget_type=\"html.default\">\n\t\t\t\t<div class=\"elementor-widget-container\">\n\t\t\t\t\t<!DOCTYPE html>\r\n<html lang=\"en\">\r\n<head>\r\n    <meta charset=\"UTF-8\">\r\n    <meta name=\"viewport\" content=\"width=device-width, initial-scale=1.0\">\r\n    <title>Formulario<\/title>\r\n    <link href=\"https:\/\/cdn.jsdelivr.net\/npm\/bootstrap@5.2.3\/dist\/css\/bootstrap.min.css\" rel=\"stylesheet\" integrity=\"sha384-rbsA2VBKQhggwzxH7pPCaAqO46MgnOM80zW1RWuH61DGLwZJEdK2Kadq2F9CUG65\" crossorigin=\"anonymous\">\r\n    <style>\r\n        .fondo{\r\n          background-color: #e3dafe;\r\n          border-radius: 5%\/15%;\r\n        }\r\n        #info,#details,#serv,#objetive,#cont,#adict,#comen,#fin{\r\n          display: none;\r\n        }\r\n    <\/style>\r\n<\/head>\r\n<body>\r\n    <div class=\"container-fluid p-4\">\r\n        <div class=\"card bg-transparent border-0 h-100\">\r\n          <div class=\"card-body undefined\">\r\n            <div class=\"fondo\">\r\n                <div id=\"welcome\">\r\n                <div class=\"d-flex justify-content-center align-items-center flex-column mb-5 mt-5\">\r\n                    <br>\r\n                    <h4>Bienvenido<\/h4>\r\n                <\/div>\r\n                <div class=\"d-flex justify-content-center align-items-center flex-column mb-5 mt-5\">\r\n                    <button class=\"btn btn-success\" onclick=\"uno();\">Comenzar<\/button>\r\n                <\/div>\r\n                <\/div>\r\n                <form method=\"POST\" action=\"https:\/\/bechaprastudio.com\/personalanswers.php\">\r\n                    <div id=\"info\">\r\n                    <div class=\"d-flex justify-content-center align-items-center flex-column mb-5 mt-5\">\r\n                        <br>\r\n                        <h4>Informaci\u00f3n de Contacto<\/h4>\r\n                    <\/div>\r\n                    <div class=\"d-flex justify-content-center align-items-center flex-column mb-5\">\r\n                        <div class=\"col-10 col-sm-10 col-md-8 col-lg-6 col-xl-5\">\r\n                                <div class=\"row\">\r\n                                    <div class=\"col\">\r\n                                        <label class=\"form-label\" for=\"\">Correo Electr\u00f3nico<\/label>\r\n                                        <input type=\"text\" class=\"form-control\" name=\"email\">\r\n                                    <\/div>\r\n                                <\/div>\r\n                                <div class=\"row\">\r\n                                    <div class=\"col\">\r\n                                        <label class=\"form-label\" for=\"\">N\u00famero de Tel\u00e9fono<\/label>\r\n                                        <input type=\"text\" class=\"form-control\" name=\"telefono\">\r\n                                    <\/div>\r\n                                <\/div>\r\n                                <div class=\"row\">\r\n                                    <div class=\"col\">\r\n                                        <label class=\"form-label\" for=\"\">Nombre de la Empresa<\/label>\r\n                                        <label class=\"form-label\" for=\"\"><sub>(Si aplica)<\/sub><\/label>\r\n                                        <input type=\"text\" class=\"form-control\" name=\"Empresa\">\r\n                                    <\/div>\r\n                                <\/div>\r\n                                <div class=\"row\">\r\n                                    <div class=\"col\">\r\n                                        <label class=\"form-label\" for=\"\">P\u00e1gina Web<\/label>\r\n                                        <label class=\"form-label\" for=\"\"><sub>(Si aplica)<\/sub><\/label>\r\n                                        <input type=\"text\" class=\"form-control\" name=\"pagina web\">\r\n                                    <\/div>\r\n                                <\/div>\r\n                                <div class=\"row\">\r\n                                    <div class=\"col\">\r\n                                        <label class=\"form-label\" for=\"\">Redes Sociales<\/label>\r\n                                        <input type=\"text\" class=\"form-control\" name=\"redes sociales\">\r\n                                    <\/div>\r\n                                <\/div>\r\n                                \r\n                                <br>\r\n                                <div class=\"row\">\r\n                                <div class=\"col\">\r\n                                    <button  type=\"button\" class=\"btn btn-warning\" onclick=\"muno();\">Regresar<\/button>\r\n                                <\/div>\r\n                                <div class=\"col\">\r\n                                    <button name=\"a\" type=\"button\" class=\"btn btn-success\" onclick=\"dos();\">Siguiente<\/button>\r\n                                <\/div>\r\n                                <\/div>\r\n                            <br> \r\n                        <\/div>\r\n                    <\/div>\r\n                    <\/div>\r\n                    <div id=\"details\">\r\n                        <div class=\"d-flex justify-content-center align-items-center flex-column mb-5 mt-5\">\r\n                        <br>\r\n                        <h4>Detalles<\/h4>\r\n                        <\/div>\r\n                        <div class=\"d-flex justify-content-center align-items-center flex-column mb-5\">\r\n                        <div class=\"col-10 col-sm-10 col-md-8 col-lg-6 col-xl-5\">\r\n                                <div class=\"row\">\r\n                                    <div class=\"col\">\r\n                                        <label class=\"form-label\" for=\"\">Breve Descripci\u00f3n de la Empresa o Perfil Personal<\/label>\r\n                                        <input type=\"text\" class=\"form-control\" name=\"descripcion\">\r\n                                    <\/div>\r\n                                <\/div>\r\n                                <div class=\"row\">\r\n                                    <div class=\"col\">\r\n                                        <label class=\"form-label\" for=\"\">Historia o Treyectoria<\/label>\r\n                                        <label class=\"form-label\" for=\"\"><sub>(Si aplica)<\/sub><\/label>\r\n                                        <input type=\"text\" class=\"form-control\" name=\"histori o treyectoria\">\r\n                                    <\/div>\r\n                                <\/div>\r\n                                <div class=\"row\">\r\n                                    <div class=\"col\">\r\n                                        <label class=\"form-label\" for=\"\">Valores  Clave<\/label>\r\n                                        <input type=\"text\" class=\"form-control\" name=\"valores clave\">\r\n                                    <\/div>\r\n                                <\/div>\r\n                                <br>\r\n                                <div class=\"row\">\r\n                                    <div class=\"col\">\r\n                                        <button  type=\"button\" class=\"btn btn-warning\" onclick=\"mdos();\">Regresar<\/button>\r\n                                    <\/div> \r\n                                    <div class=\"col\">\r\n                                        <button name=\"b\" type=\"button\" class=\"btn btn-success\" onclick=\"tres();\">Siguiente<\/button>\r\n                                    <\/div>\r\n                                <\/div> \r\n                            <br>\r\n                        <\/div>\r\n                        <\/div>\r\n                    <\/div>\r\n                    <div id=\"serv\">\r\n                    <div class=\"d-flex justify-content-center align-items-center flex-column mb-5 mt-5\">\r\n                        <br>\r\n                        <h4>Servicios de Imagen Personal<\/h4>\r\n                    <\/div>\r\n                    <div class=\"d-flex justify-content-center align-items-center flex-column mb-5\">\r\n                        <div class=\"col-10 col-sm-10 col-md-8 col-lg-6 col-xl-5\">\r\n                                <div class=\"row\">\r\n                                    <div class=\"col\">\r\n                                        <label class=\"form-label\" for=\"\">Selecciona los servicios que te interesan:<\/label><br>\r\n                                        <input type=\"checkbox\" name=\"mejora de imagen\"> Mejora de Imagen en Medios Digitales<br>\r\n                                        <input type=\"checkbox\" name=\"analisis de contenido\"> An\u00e1lisis de Contenido para Servicios y Productos<br>\r\n                                        <input type=\"checkbox\" name=\"propuestas de contenido\"> Propuestas de Contenidos para el Crecimiento de Ventas<br>\r\n                                        <input type=\"checkbox\" name=\"sustentabilidad en publicidad\"> Sustentabilidad en Publicidad para Diversas Plataformas<br>\r\n                                        <input type=\"checkbox\" name=\"comunicacion externa\"> Comunicaci\u00f3n Externa y Perfiles<br>\r\n                                        <input type=\"checkbox\" name=\"difucion en prensa\"> Difusi\u00f3n en Prensa y Medios Alternos<br>\r\n                                    <\/div>\r\n                                <\/div>\r\n                                <br>\r\n                                <div class=\"row\">\r\n                                <div class=\"col\">\r\n                                        <button type=\"button\" class=\"btn btn-warning\" onclick=\"mtres();\">Regresar<\/button>\r\n                                <\/div> \r\n                                <div class=\"col\">\r\n                                        <button name=\"c\" type=\"button\" class=\"btn btn-success\" onclick=\"cuatro();\">Siguiente<\/button>\r\n                                <\/div>\r\n                                <\/div>\r\n                            <br> \r\n                        <\/div>\r\n                    <\/div>\r\n                    <\/div>\r\n                    <div id=\"objetive\">\r\n                    <div class=\"d-flex justify-content-center align-items-center flex-column mb-5 mt-5\">\r\n                        <br>\r\n                        <h4>Objetivos y Metas<\/h4>\r\n                    <\/div>\r\n                    <div class=\"d-flex justify-content-center align-items-center flex-column mb-5\">\r\n                        <div class=\"col-10 col-sm-10 col-md-8 col-lg-6 col-xl-5\">\r\n                                <div class=\"row\">\r\n                                    <div class=\"col\">\r\n                                        <label class=\"form-label\" for=\"\">Objetivos a Lograr con el Servicio de Imagen Personal<\/label>\r\n                                        <input type=\"text\" class=\"form-control\" name=\"objetivos a lograr\">\r\n                                    <\/div>\r\n                                <\/div>\r\n                                <div class=\"row\">\r\n                                    <div class=\"col\">\r\n                                        <label class=\"form-label\" for=\"\">Metas de Crecimiento en Redes Sociales<\/label>\r\n                                        <input type=\"text\" class=\"form-control\" name=\"metas de crecimiento\">\r\n                                    <\/div>\r\n                                <\/div>\r\n                                <br>\r\n                                <div class=\"row\">\r\n                                    <div class=\"col\">\r\n                                        <button type=\"button\" class=\"btn btn-warning\" onclick=\"mcuatro();\">Regresar<\/button>\r\n                                <\/div> \r\n                                <div class=\"col\">\r\n                                        <button name=\"d\" type=\"button\" class=\"btn btn-success\" onclick=\"cinco();\">Siguiente<\/button>\r\n                                <\/div>\r\n                                <\/div>\r\n                            <br> \r\n                        <\/div>\r\n                    <\/div>\r\n                    <\/div>\r\n                    <div id=\"cont\">\r\n                        <div class=\"d-flex justify-content-center align-items-center flex-column mb-5 mt-5\">\r\n                        <br>\r\n                        <h4>Estrategia de Contenidos<\/h4>\r\n                        <\/div>\r\n                        <div class=\"d-flex justify-content-center align-items-center flex-column mb-5\">\r\n                        <div class=\"col-10 col-sm-10 col-md-8 col-lg-6 col-xl-5\">\r\n                                <div class=\"row\">\r\n                                    <div class=\"col\">\r\n                                        <label class=\"form-label\" for=\"\">Tem\u00e1ticas de Contenido Relevantes<\/label>\r\n                                        <input type=\"text\" class=\"form-control\" name=\"tematicas de contenido\">\r\n                                    <\/div>\r\n                                <\/div>\r\n                                <div class=\"row\">\r\n                                    <div class=\"col\">\r\n                                        <label class=\"form-label\" for=\"\">Tonos y Estilos Preferidos<\/label>\r\n                                        <input type=\"text\" class=\"form-control\" name=\"tonos y estilos\">\r\n                                    <\/div>\r\n                                <\/div>\r\n                                <br>\r\n                                <div class=\"row\">\r\n                                    <div class=\"col\">\r\n                                        <button type=\"button\" class=\"btn btn-warning\" onclick=\"mcinco();\">Regresar<\/button>\r\n                                    <\/div> \r\n                                    <div class=\"col\">\r\n                                        <button name=\"d\" type=\"button\" class=\"btn btn-success\" onclick=\"seis();\">Siguiente<\/button>\r\n                                    <\/div>\r\n                                <\/div>\r\n                            <br> \r\n                        <\/div>\r\n                        <\/div>\r\n                    <\/div>\r\n                    <div id=\"adict\">\r\n                    <div class=\"d-flex justify-content-center align-items-center flex-column mb-5 mt-5\">\r\n                        <br>\r\n                        <h4>Informaci\u00f3n Adicional<\/h4>\r\n                    <\/div>\r\n                    <div class=\"d-flex justify-content-center align-items-center flex-column mb-5\">\r\n                        <div class=\"col-10 col-sm-10 col-md-8 col-lg-6 col-xl-5\">\r\n                                <div class=\"row\">\r\n                                    <div class=\"col\">\r\n                                        <label class=\"form-label\" for=\"\">Audiencia Objetivo<\/label>\r\n                                        <input type=\"text\" class=\"form-control\" name=\"audiencia objetivo\">\r\n                                    <\/div>\r\n                                <\/div>\r\n                                <div class=\"row\">\r\n                                    <div class=\"col\">\r\n                                        <label class=\"form-label\" for=\"\">Competidores Relevantes<\/label>\r\n                                        <input type=\"text\" class=\"form-control\" name=\"competidores relevantes\">\r\n                                    <\/div>\r\n                                <\/div>\r\n                                <br>\r\n                                <div class=\"row\">\r\n                                    <div class=\"col\">\r\n                                        <button type=\"button\" class=\"btn btn-warning\" onclick=\"mseis();\">Regresar<\/button>\r\n                                    <\/div> \r\n                                    <div class=\"col\">\r\n                                        <button name=\"d\" type=\"button\" class=\"btn btn-success\" onclick=\"siete();\">Siguiente<\/button>\r\n                                    <\/div>\r\n                                <\/div>\r\n                            <br> \r\n                        <\/div>\r\n                    <\/div>\r\n                    <\/div>\r\n                    <div id=\"comen\">\r\n                        <div class=\"d-flex justify-content-center align-items-center flex-column mb-5 mt-5\">\r\n                        <br>\r\n                        <h4>Comentarios o Detalles Adicionales<\/h4>\r\n                        <\/div>\r\n                        <div class=\"d-flex justify-content-center align-items-center flex-column mb-5\">\r\n                        <div class=\"col-10 col-sm-10 col-md-8 col-lg-6 col-xl-5\">\r\n                                <div class=\"row\">\r\n                                    <div class=\"col\">\r\n                                        <label class=\"form-label\" for=\"\">Comentarios, Detalles o Requerimientos Espec\u00edficos<\/label>\r\n                                        <input type=\"text\" class=\"form-control\" name=\"comentarios detalles\">\r\n                                    <\/div>\r\n                                <\/div>\r\n                                <br>\r\n                                <div class=\"row\">\r\n                                    <div class=\"col\">\r\n                                        <button type=\"button\" class=\"btn btn-warning\" onclick=\"msiete();\">Regresar<\/button>\r\n                                    <\/div> \r\n                                    <div class=\"col\">\r\n                                        <button name=\"d\" type=\"submit\" class=\"btn btn-success\" onclick=\"ocho();\">Finalizar<\/button>\r\n                                    <\/div>\r\n                                <\/div>\r\n                            <br> \r\n                        <\/div>\r\n                        <\/div>\r\n                    <\/div>\r\n                <\/form>\r\n                <div id=\"fin\">\r\n                <div class=\"d-flex justify-content-center align-items-center flex-column mb-5 mt-5\">\r\n                    <br>\r\n                    <h4>Llenado exitoso<\/h4>\r\n                <\/div>\r\n                <\/div>\r\n                <br>\r\n            <\/div>\r\n          <\/div>\r\n        <\/div>\r\n      <\/div>\r\n    <script src=\"https:\/\/cdn.jsdelivr.net\/npm\/bootstrap@5.2.3\/dist\/js\/bootstrap.bundle.min.js\" integrity=\"sha384-kenU1KFdBIe4zVF0s0G1M5b4hcpxyD9F7jL+jjXkk+Q2h455rYXK\/7HAuoJl+0I4\" crossorigin=\"anonymous\"><\/script>\r\n    <script>\r\n      function uno(){\r\n        document.getElementById('welcome').style.display='none';\r\n        document.getElementById('info').style.display='block';\r\n      }\r\n      function muno(){\r\n        document.getElementById('welcome').style.display='block';\r\n        document.getElementById('info').style.display='none';\r\n      }\r\n      function dos(){\r\n        document.getElementById('info').style.display='none';\r\n        document.getElementById('details').style.display='block';\r\n      }\r\n      function mdos(){\r\n        document.getElementById('info').style.display='block';\r\n        document.getElementById('details').style.display='none';\r\n      }\r\n      function tres(){\r\n        document.getElementById('details').style.display='none';\r\n        document.getElementById('serv').style.display='block';\r\n      }\r\n      function mtres(){\r\n        document.getElementById('details').style.display='block';\r\n        document.getElementById('serv').style.display='none';\r\n      }\r\n      function cuatro(){\r\n        document.getElementById('serv').style.display='none';\r\n        document.getElementById('objetive').style.display='block';\r\n      }\r\n      function mcuatro(){\r\n        document.getElementById('serv').style.display='block';\r\n        document.getElementById('objetive').style.display='none';\r\n      }\r\n      function cinco(){\r\n        document.getElementById('objetive').style.display='none';\r\n        document.getElementById('cont').style.display='block';\r\n      }\r\n      function mcinco(){\r\n        document.getElementById('objetive').style.display='block';\r\n        document.getElementById('cont').style.display='none';\r\n      }\r\n      function seis(){\r\n        document.getElementById('cont').style.display='none';\r\n        document.getElementById('adict').style.display='block';\r\n      }\r\n      function mseis(){\r\n        document.getElementById('cont').style.display='block';\r\n        document.getElementById('adict').style.display='none';\r\n      }\r\n      function siete(){\r\n        document.getElementById('adict').style.display='none';\r\n        document.getElementById('comen').style.display='block';\r\n      }\r\n      function msiete(){\r\n        document.getElementById('adict').style.display='block';\r\n        document.getElementById('comen').style.display='none';\r\n      }\r\n      function ocho(){\r\n        document.getElementById('comen').style.display='none';\r\n        document.getElementById('fin').style.display='block';\r\n      }\r\n    <\/script>\r\n<\/body>\r\n<\/html>\r\n\t\t\t\t<\/div>\n\t\t\t\t<\/div>\n\t\t\t\t\t<\/div>\n\t\t\t\t<\/div>\n\t\t\t\t<\/div>\n\t\t","protected":false},"excerpt":{"rendered":"<p>Formulario Bienvenido Comenzar Informaci\u00f3n de Contacto Correo Electr\u00f3nico N\u00famero de Tel\u00e9fono Nombre de la Empresa (Si aplica) P\u00e1gina Web (Si aplica) Redes Sociales Regresar Siguiente Detalles Breve Descripci\u00f3n de la Empresa o Perfil Personal Historia o Treyectoria (Si aplica) Valores Clave Regresar Siguiente Servicios de Imagen Personal Selecciona los servicios que te interesan: Mejora de Imagen en Medios Digitales An\u00e1lisis de Contenido para Servicios y Productos Propuestas de Contenidos para el Crecimiento de Ventas Sustentabilidad en Publicidad para Diversas Plataformas Comunicaci\u00f3n Externa y Perfiles Difusi\u00f3n en Prensa y Medios Alternos Regresar Siguiente Objetivos y Metas Objetivos a Lograr con el Servicio de Imagen Personal Metas de Crecimiento en Redes Sociales Regresar Siguiente Estrategia de Contenidos Tem\u00e1ticas de Contenido Relevantes Tonos y Estilos Preferidos Regresar Siguiente Informaci\u00f3n Adicional Audiencia Objetivo Competidores Relevantes Regresar Siguiente Comentarios o Detalles Adicionales Comentarios, Detalles o Requerimientos Espec\u00edficos Regresar Finalizar Llenado exitoso<\/p>\n","protected":false},"author":2,"featured_media":0,"parent":0,"menu_order":0,"comment_status":"closed","ping_status":"closed","template":"","meta":{"footnotes":""},"class_list":["post-108","page","type-page","status-publish","hentry"],"_links":{"self":[{"href":"https:\/\/bechaprastudio.com\/index.php\/wp-json\/wp\/v2\/pages\/108"}],"collection":[{"href":"https:\/\/bechaprastudio.com\/index.php\/wp-json\/wp\/v2\/pages"}],"about":[{"href":"https:\/\/bechaprastudio.com\/index.php\/wp-json\/wp\/v2\/types\/page"}],"author":[{"embeddable":true,"href":"https:\/\/bechaprastudio.com\/index.php\/wp-json\/wp\/v2\/users\/2"}],"replies":[{"embeddable":true,"href":"https:\/\/bechaprastudio.com\/index.php\/wp-json\/wp\/v2\/comments?post=108"}],"version-history":[{"count":22,"href":"https:\/\/bechaprastudio.com\/index.php\/wp-json\/wp\/v2\/pages\/108\/revisions"}],"predecessor-version":[{"id":412,"href":"https:\/\/bechaprastudio.com\/index.php\/wp-json\/wp\/v2\/pages\/108\/revisions\/412"}],"wp:attachment":[{"href":"https:\/\/bechaprastudio.com\/index.php\/wp-json\/wp\/v2\/media?parent=108"}],"curies":[{"name":"wp","href":"https:\/\/api.w.org\/{rel}","templated":true}]}}